-6*h + h - 30. What are the prime factors of (22/h)/((-1)/3)?
11
Let k(f) = -f**3 + f**2 + f - 2. Let i be k(2). What are the prime factors of 53/4 - (-1)/i?
13
Let d be 84/22 + 4/22. Suppose -d*k = k - 130. List the prime factors of k.
2, 13
Let g be (2 + (-6)/4)*-2. What are the prime factors of 2/((4/(-64))/g)?
2
Suppose -g + 44 = 2*d, -2*d - d + 53 = -5*g. Let z = d + -29. Let c = -2 - z. List the prime factors of c.
2, 3
Let w(u) = -4*u - 7. Let d be w(-3). Suppose 109 + 31 = d*x. What are the prime factors of x?
2, 7
Let y(x) = -x + 11. Let p be y(8). What are the prime factors of (-1)/p - (-44)/6?
7
Let p be 4/(-7)*7/(-2). List the prime factors of p*1/2 - -8.
3
What are the prime factors of 50 - ((3 - -2) + 0)?
3, 5
Let p be (-246)/(0 - 3) - 3. Let z = 118 - p. Suppose 2*v + v - z = 0. What are the prime factors of v?
13
Suppose -8*n = -4*n - 344. What are the prime factors of n?
2, 43
Suppose 0 = 5*y - 10 - 0. Suppose -2*w - y*w = -3*h - 170, -w - 106 = 2*h. What are the prime factors of h/(-8)*40/15?
2, 3
Suppose 16 = -2*v + 3*i, 6*i - 5*i + 18 = -4*v. Let s be (-26)/(-10) + (-2)/v. Suppose 3*p - 4*x - 8 = -0*x, 44 = s*p + 5*x. What are the prime factors of p?
2
What are the prime factors of (3/((-72)/(-2144)))/(2/3)?
2, 67
Let w(t) = t**2 + 6*t - 7. Let k be w(-7). Let j = k + 3. What are the prime factors of j?
3
List the prime factors of 3 - (212/8*-2 - -2).
2, 3
Suppose 2*l + 4*w = 42, 5*w = -0*l + l + 7. List the prime factors of l.
13
Suppose 4*w = w + 12. Suppose w*k - 72 = -t, -5*k - 5*t = -2*k - 71. List the prime factors of k.
17
Let m(t) = 2*t**2 - 3*t + 2. Let b be m(2). Suppose 5*n + 20 = 0, d - 5*d - n + b = 0. Suppose -d*h + 7*h = 50. What are the prime factors of h?
2, 5
Suppose -5*g = 3*h - 1050, 0*h - 649 = -3*g + 2*h. List the prime factors of g.
3, 71
Let j be -10*(36/(-10) + 3). What are the prime factors of 52/j + (-2)/3?
2
Suppose 4*p - 445 = u, 0*u + 233 = 2*p + 3*u. List the prime factors of p.
2, 7
Suppose -5*n + 3*n = 3*t - 60, n - 3 = 0. What are the prime factors of 2/(-12) - (-147)/t?
2
Suppose 0 = -9*r + 4*r + 10. Suppose -r*w + 56 = 2*w. What are the prime factors of w?
2, 7
Suppose -5*z + 0*z + 298 = 2*d, 3*z = -12. List the prime factors of d.
3, 53
Suppose -3*v + g + 20 = 0, -2*v = v + 3*g - 36. What are the prime factors of v?
2
Let l(c) = 3*c + 6*c**2 - 3*c**2 + 0*c**2 - 2*c**2. What are the prime factors of l(4)?
2, 7
Suppose -4*l - 135 = -5*x + 115, 0 = -3*l. What are the prime factors of x?
2, 5
Let n(p) = p**3 + 4*p**2 - 4*p + 4. Let s = -8 + 3. Let k be n(s). Let l = k + 17. What are the prime factors of l?
2
Let u(m) = m - 4. Let a be u(7). Suppose 0 = -s - a*t - 16 - 7, -5*s + 5*t - 95 = 0. Let n = -14 - s. What are the prime factors of n?
2, 3
Let d(s) = -s**3 - 8*s**2 + 6*s + 3. Let y(u) = u**3 + 9*u**2 - 6*u - 4. Let k(c) = -5*d(c) - 4*y(c). Suppose 0*w - 5 = w. What are the prime factors of k(w)?
2, 3
Let p(z) = -6*z**2. Let i be p(-1). Let g be 2/6 + 26/i. Let n = 1 - g. List the prime factors of n.
5
Let u(f) = -41*f - 6. List the prime factors of u(-4).
2, 79
Suppose 2 = 5*d - 23. List the prime factors of d.
5
Let g = 28 + -22. Suppose g*n = -7 + 55. What are the prime factors of n?
2
Suppose -6*m + 249 = -273. List the prime factors of m.
3, 29
Let q = 34 - 23. Suppose 3 = m + 2. Let y = q - m. What are the prime factors of y?
2, 5
Suppose 0 = -c + 3*l + 1, -3*c + 21 = 2*c + l. List the prime factors of 15*((0 - 3) + c).
3, 5
Let p be (-5)/20 + 41/4. Let f = 32 - p. Suppose 4*k = 2*k + f. What are the prime factors of k?
11
Let h = -76 + 113. What are the prime factors of h?
37
Let c be -15*((-3)/9 + -1). List the prime factors of (4 - c)/(-2 + 1).
2
Suppose h - 13 = 9. What are the prime factors of h?
2, 11
List the prime factors of 7/(35/1060) - -4.
2, 3
Suppose 0 = 2*m - 0*m - 166. What are the prime factors of m?
83
Let o = -4 + 6. Suppose 0 = -5*c + 3*r + 23, 2*c - 2*r - o*r - 12 = 0. List the prime factors of c.
2
Suppose -3 = 4*s - 5*s. Suppose w = 5*a - 12, w = 2*a - 0*w - s. Suppose -2*u + a*u = 9. List the prime factors of u.
3
Let o = 15 + -13. Suppose -o*v - 4*u + 95 = -3, -5*v - 5*u + 220 = 0. What are the prime factors of v?
3, 13
Let t(p) = p**3 - 6*p**2 + 2*p - 7. Let i be t(6). Suppose 0*y - 5*y + 85 = -5*u, -i*y + 113 = 2*u. List the prime factors of y.
3, 7
Let q(m) = -2*m + 3. Let k be q(2). List the prime factors of (1 - 0)*k*-15.
3, 5
Suppose -3 = -3*o, 3*b + 5*o = -25 - 33. Let f = -9 - b. What are the prime factors of f?
2, 3
Let q(f) = 4*f**2 - f + 1. Let a be q(1). What are the prime factors of (2 + 2/(-8))*a?
7
Suppose 5*v - 756 = 349. What are the prime factors of v?
13, 17
Suppose -2*o + 52 = 2*o. List the prime factors of o.
13
Suppose 2*n + 3*n - 29 = 2*a, 2*n - 8 = -a. What are the prime factors of 62/22 - a/11?
3
Let j(l) = -l**2 - 9*l - 12. Let r be ((-3)/6)/(1/18). Let c be j(r). List the prime factors of 38/6 - c/18.
7
Suppose x - 44 = -10. Let n = x - 24. List the prime factors of n.
2, 5
Let j = 10 - 7. Suppose -j*l - 29 + 104 = 0. What are the prime factors of l?
5
Suppose 4*i - 67 - 33 = 0. Let r be (-2 - i)*(-2)/6. Suppose 5*x - 16 = r. What are the prime factors of x?
5
Suppose 0 = 2*h - 5*s - 168, -4*h - 3*s = -s - 336. List the prime factors of h.
2, 3, 7
Let j(p) = -5 - 2 + 0 + 2*p. Let m be j(5). List the prime factors of 6 - (18/(-3))/m.
2
Let b = -14 - -68. What are the prime factors of b?
2, 3
Suppose -16 - 19 = -x. What are the prime factors of x?
5, 7
Let d(t) = -t**2 - 5. Let f(p) = -p**2 - 6. Let w(m) = 4*d(m) - 3*f(m). Let y be w(3). Let s = -7 - y. List the prime factors of s.
2
Suppose 0 = -0*d - 4*d - 1144. Let x be (-4)/18 - d/(-9). Let a = x + 48. What are the prime factors of a?
2
Let r = 71 + -51. List the prime factors of r.
2, 5
Suppose u = 6*u + 10. Let o(n) = -4*n**3 + 3*n**2 + 3*n. List the prime factors of o(u).
2, 19
Let b(i) be the first derivative of i**3/3 + 4*i**2 + 3*i + 5. Let c be 6/(2 + (-22)/8). What are the prime factors of b(c)?
3
Suppose -325 - 465 = -10*t. List the prime factors of t.
79
Let r(c) = -2*c**3 + 3*c**2 + c - 1. Let o be r(-2). Suppose -2*l = 2 + 8, 3*h - 5*l = o. Suppose 0*i - i + 9 = h. List the prime factors of i.
3
Let f(n) = -n**2 + 11*n - 8. Let y be f(10). What are the prime factors of -11*y*(-2)/4?
11
Let q = 16 + -10. Let c = 0 - 0. Let n = q + c. List the prime factors of n.
2, 3
Let x be (-1)/3*-1*9. Suppose 4*w = -20, -q + x = -2*q - w. Suppose -u - 9 = -3*k, 2*k - q*u = -2 + 4. What are the prime factors of k?
2
Let j(o) be the second derivative of o**5/2 - o**3/2 + o**2 + 2*o. What are the prime factors of j(1)?
3
Suppose -2*o = -3*o + n + 9, 4*n + 40 = 5*o. Suppose -18 = -x + o*x. List the prime factors of x/(-4)*(-22)/(-3).
11
Let y be 1/(-5) + (-48)/(-15). Suppose -y*u - 14 = -5*u. List the prime factors of u.
7
Let z be -1 + 6*3/(-6). Let l be z/((6/117)/(-1)). Let a = l + -55. What are the prime factors of a?
23
Let y(t) = -t**3 - t**2 - 5*t + 6. List the prime factors of y(-5).
131
Suppose -4 - 2 = -3*s. Suppose -s = -2*q + 4. List the prime factors of q.
3
Let n(c) = c**3 - 5*c**2 + 3*c - 1. Let g be n(4). Let i = 8 - g. What are the prime factors of i?
13
Let y be (-4)/(1/2*2). Let j = y - 2. What are the prime factors of (11/(-2))/(3/j)?
11
Suppose 0 = -4*h - 2*n + 946, -2*n + 6*n = 2*h - 458. Let l be 0 + 0 + 5 + -7. What are the prime factors of h/20 - l/8?
2, 3
Suppose -2525 = -14*d + 1367. List the prime factors of d.
2, 139
Suppose 0 = -23*t + 18*t - 135. Let d be -4 - (-2 - -1)/(-1). List the prime factors of t/(-2) - d/10.
2, 7
Suppose -4*l + 10 = 2*q, -l + 5*q - 3 = -0. Let g = 3 + l. List the prime factors of g.
5
Let v(k) = 6*k**2 + 2*k + 1. Let b = 10 - 11. List the prime factors of v(b).
5
List the prime factors of 32/56 + (-2 - 395/(-7)).
5, 11
Let b(v) = -v**2 - 18*v - 2. List the prime factors of b(-14).
2, 3
Let d(k) = -26*k. Let y be d(1). Let a = -13 - y. List the prime factors of (-3)/9 - a/(-3).
2
Let r be (5 + 1)/(15/10). Let d be ((-2)/r)/((-1)/(-14)). List the prime factors of 2*d/(-2) + 0.
7
Let k(h) = -h**2 - 6*h - 8. Let x be k(-7). List the prime factors of -2 - x - 1/1.
2, 3
Let j(a) = a - 5. Let y be j(-7). Let q = y + 20. List the pr